{"id":28029,"date":"2025-10-22T17:43:15","date_gmt":"2025-10-22T17:43:15","guid":{"rendered":"https:\/\/congresoresiduos.com\/2026\/?page_id=28029"},"modified":"2025-11-19T19:43:43","modified_gmt":"2025-11-19T19:43:43","slug":"contacto","status":"publish","type":"page","link":"https:\/\/congresoresiduos.com\/2026\/contacto\/","title":{"rendered":"Contacto"},"content":{"rendered":"\t\t<div data-elementor-type=\"wp-page\" data-elementor-id=\"28029\" class=\"elementor elementor-28029\">\n\t\t\t\t\t\t<section class=\"elementor-section elementor-top-section elementor-element elementor-element-5accfc0f elementor-section-stretched elementor-section-boxed elementor-section-height-default elementor-section-height-default\" data-id=\"5accfc0f\" data-element_type=\"section\" data-settings=\"{&quot;stretch_section&quot;:&quot;section-stretched&quot;,&quot;background_background&quot;:&quot;classic&quot;}\">\n\t\t\t\t\t\t<div class=\"elementor-container elementor-column-gap-default\">\n\t\t\t\t\t<div class=\"elementor-column elementor-col-50 elementor-top-column elementor-element elementor-element-518bcb1a\" data-id=\"518bcb1a\" data-element_type=\"column\">\n\t\t\t<div class=\"elementor-widget-wrap elementor-element-populated\">\n\t\t\t\t\t\t<div class=\"elementor-element elementor-element-427c1cf4 elementor-widget elementor-widget-rs-heading\" data-id=\"427c1cf4\" data-element_type=\"widget\" data-widget_type=\"rs-heading.default\">\n\t\t\t\t<div class=\"elementor-widget-container\">\n\t\t\t\t\t\n        <div class=\"prelements-heading water__slide_yes style4 animate- \">\n        \t<div class=\"title-inner\">        \t\t      \t\t\n\t            <h1 class=\"title\"><span class=\"watermark\">Contacto<\/span>Cont\u00e1ctanos<\/h1>\t\t\t\t\n\t\t\t\t\t        <\/div>\n\t                <\/div>\n        \t\t\t\t<\/div>\n\t\t\t\t<\/div>\n\t\t\t\t\t<\/div>\n\t\t<\/div>\n\t\t\t\t<div class=\"elementor-column elementor-col-50 elementor-top-column elementor-element elementor-element-627b15dd\" data-id=\"627b15dd\" data-element_type=\"column\">\n\t\t\t<div class=\"elementor-widget-wrap\">\n\t\t\t\t\t\t\t<\/div>\n\t\t<\/div>\n\t\t\t\t\t<\/div>\n\t\t<\/section>\n\t\t\t\t<section class=\"elementor-section elementor-top-section elementor-element elementor-element-1939a138 elementor-section-stretched elementor-section-boxed elementor-section-height-default elementor-section-height-default\" data-id=\"1939a138\" data-element_type=\"section\" data-settings=\"{&quot;stretch_section&quot;:&quot;section-stretched&quot;,&quot;background_background&quot;:&quot;classic&quot;}\">\n\t\t\t\t\t\t\t<div class=\"elementor-background-overlay\"><\/div>\n\t\t\t\t\t\t\t<div class=\"elementor-container elementor-column-gap-default\">\n\t\t\t\t\t<div class=\"elementor-column elementor-col-100 elementor-top-column elementor-element elementor-element-50484b2d\" data-id=\"50484b2d\" data-element_type=\"column\">\n\t\t\t<div class=\"elementor-widget-wrap elementor-element-populated\">\n\t\t\t\t\t\t<section class=\"elementor-section elementor-inner-section elementor-element elementor-element-cbaa53e elementor-section-content-bottom elementor-section-boxed elementor-section-height-default elementor-section-height-default\" data-id=\"cbaa53e\" data-element_type=\"section\" data-settings=\"{&quot;background_background&quot;:&quot;classic&quot;}\">\n\t\t\t\t\t\t<div class=\"elementor-container elementor-column-gap-default\">\n\t\t\t\t\t<div class=\"elementor-column elementor-col-50 elementor-inner-column elementor-element elementor-element-1c6cf8b\" data-id=\"1c6cf8b\" data-element_type=\"column\">\n\t\t\t<div class=\"elementor-widget-wrap elementor-element-populated\">\n\t\t\t\t\t\t<div class=\"elementor-element elementor-element-9a7d18d elementor-widget elementor-widget-rs-heading\" data-id=\"9a7d18d\" data-element_type=\"widget\" data-widget_type=\"rs-heading.default\">\n\t\t\t\t<div class=\"elementor-widget-container\">\n\t\t\t\t\t\n        <div class=\"prelements-heading water__slide_ default animate-style1 \">\n        \t<div class=\"title-inner\">        \t\t      \t\t\n\t            <span class=\"sub-text \">\u00bfDudas?<\/span><h2 class=\"title\"><span class=\"watermark\"><\/span>Env\u00edanos un mensaje<\/h2>\t\t\t\t\t\t\t\t\t<div class=\"pre-heading-line1\"><\/div>\n\t\t\t\t\n\t\t\t\t\t        <\/div>\n\t                <\/div>\n        \t\t\t\t<\/div>\n\t\t\t\t<\/div>\n\t\t\t\t\t<\/div>\n\t\t<\/div>\n\t\t\t\t<div class=\"elementor-column elementor-col-50 elementor-inner-column elementor-element elementor-element-2989b5c\" data-id=\"2989b5c\" data-element_type=\"column\">\n\t\t\t<div class=\"elementor-widget-wrap elementor-element-populated\">\n\t\t\t\t\t\t<div class=\"elementor-element elementor-element-3d9a4d4 elementor-widget elementor-widget-text-editor\" data-id=\"3d9a4d4\" data-element_type=\"widget\" data-widget_type=\"text-editor.default\">\n\t\t\t\t\t\t\t\t\t<p class=\"vc_custom_heading vc_do_custom_heading vc_custom_1758830310343 wpb_custom_aa365bd5046e8294520b4e73732b9d15 align-left appear-animation fadeInUp appear-animation-visible\" data-appear-animation=\"fadeInUp\" data-appear-animation-delay=\"400\">Es de nuestro inter\u00e9s contestar tus dudas con gusto y te ayudaremos a darte la informaci\u00f3n lo m\u00e1s pronto posible:<\/p>\t\t\t\t\t\t\t\t<\/div>\n\t\t\t\t\t<\/div>\n\t\t<\/div>\n\t\t\t\t\t<\/div>\n\t\t<\/section>\n\t\t\t\t<section class=\"elementor-section elementor-inner-section elementor-element elementor-element-630e12b elementor-section-content-middle elementor-section-boxed elementor-section-height-default elementor-section-height-default\" data-id=\"630e12b\" data-element_type=\"section\">\n\t\t\t\t\t\t<div class=\"elementor-container elementor-column-gap-default\">\n\t\t\t\t\t<div class=\"elementor-column elementor-col-50 elementor-inner-column elementor-element elementor-element-ce24048\" data-id=\"ce24048\" data-element_type=\"column\">\n\t\t\t<div class=\"elementor-widget-wrap elementor-element-populated\">\n\t\t\t\t\t\t<div class=\"elementor-element elementor-element-7fa0f97 elementor-widget elementor-widget-rs-cf7\" data-id=\"7fa0f97\" data-element_type=\"widget\" data-widget_type=\"rs-cf7.default\">\n\t\t\t\t<div class=\"elementor-widget-container\">\n\t\t\t\t\t\n<div class=\"wpcf7 no-js\" id=\"wpcf7-f1713-o1\" lang=\"en-US\" dir=\"ltr\" data-wpcf7-id=\"1713\">\n<div class=\"screen-reader-response\"><p role=\"status\" aria-live=\"polite\" aria-atomic=\"true\"><\/p> <ul><\/ul><\/div>\n<form action=\"\/2026\/wp-json\/wp\/v2\/pages\/28029#wpcf7-f1713-o1\" method=\"post\" class=\"wpcf7-form init\" aria-label=\"Contact form\" novalidate=\"novalidate\" data-status=\"init\">\n<fieldset class=\"hidden-fields-container\"><input type=\"hidden\" name=\"_wpcf7\" value=\"1713\" \/><input type=\"hidden\" name=\"_wpcf7_version\" value=\"6.1.4\" \/><input type=\"hidden\" name=\"_wpcf7_locale\" value=\"en_US\" \/><input type=\"hidden\" name=\"_wpcf7_unit_tag\" value=\"wpcf7-f1713-o1\" \/><input type=\"hidden\" name=\"_wpcf7_container_post\" value=\"0\" \/><input type=\"hidden\" name=\"_wpcf7_posted_data_hash\" value=\"\" \/><input type=\"hidden\" name=\"_wpcf7_recaptcha_response\" value=\"\" \/>\n<\/fieldset>\n<div class=\"row\">\n\t<div class=\"col-sm-6\">\n\t\t<p><span class=\"wpcf7-form-control-wrap\" data-name=\"nombre\"><input size=\"40\" maxlength=\"400\" class=\"wpcf7-form-control wpcf7-text wpcf7-validates-as-required\" aria-required=\"true\" aria-invalid=\"false\" placeholder=\"Nombre\" value=\"\" type=\"text\" name=\"nombre\" \/><\/span>\n\t\t<\/p>\n\t<\/div>\n\t<div class=\"col-sm-6\">\n\t\t<p><span class=\"wpcf7-form-control-wrap\" data-name=\"correo\"><input size=\"40\" maxlength=\"400\" class=\"wpcf7-form-control wpcf7-email wpcf7-validates-as-required wpcf7-text wpcf7-validates-as-email\" aria-required=\"true\" aria-invalid=\"false\" placeholder=\"Correo\" value=\"\" type=\"email\" name=\"correo\" \/><\/span>\n\t\t<\/p>\n\t<\/div>\n\t<div class=\"col-sm-6\">\n\t\t<p><span class=\"wpcf7-form-control-wrap\" data-name=\"telefono\"><input size=\"40\" maxlength=\"400\" class=\"wpcf7-form-control wpcf7-tel wpcf7-validates-as-required wpcf7-text wpcf7-validates-as-tel\" aria-required=\"true\" aria-invalid=\"false\" placeholder=\"Tel\u00e9fono\" value=\"\" type=\"tel\" name=\"telefono\" \/><\/span>\n\t\t<\/p>\n\t<\/div>\n\t<div class=\"col-sm-6\">\n\t\t<p><span class=\"wpcf7-form-control-wrap\" data-name=\"asunto\"><input size=\"40\" maxlength=\"400\" class=\"wpcf7-form-control wpcf7-text wpcf7-validates-as-required\" aria-required=\"true\" aria-invalid=\"false\" placeholder=\"Asunto\" value=\"\" type=\"text\" name=\"asunto\" \/><\/span>\n\t\t<\/p>\n\t<\/div>\n\t<div class=\"col-sm-12\">\n\t\t<p><span class=\"wpcf7-form-control-wrap\" data-name=\"mensaje\"><textarea cols=\"40\" rows=\"10\" maxlength=\"2000\" class=\"wpcf7-form-control wpcf7-textarea\" aria-invalid=\"false\" placeholder=\"Mensaje\" name=\"mensaje\"><\/textarea><\/span>\n\t\t<\/p>\n\t<\/div>\n\t<div class=\"form-button col-sm-12\">\n\t\t<p class=\"submit-btn\"><input class=\"wpcf7-form-control wpcf7-submit has-spinner\" type=\"submit\" value=\"Enviar\" \/>\n\t\t<\/p>\n\t<\/div>\n<\/div><div class=\"wpcf7-response-output\" aria-hidden=\"true\"><\/div>\n<\/form>\n<\/div>\n\t\t\t\t<\/div>\n\t\t\t\t<\/div>\n\t\t\t\t\t<\/div>\n\t\t<\/div>\n\t\t\t\t<div class=\"elementor-column elementor-col-50 elementor-inner-column elementor-element elementor-element-9829e85\" data-id=\"9829e85\" data-element_type=\"column\" data-settings=\"{&quot;background_background&quot;:&quot;classic&quot;}\">\n\t\t\t<div class=\"elementor-widget-wrap elementor-element-populated\">\n\t\t\t\t\t\t<div class=\"elementor-element elementor-element-004af85 elementor-widget elementor-widget-rs-service-grid\" data-id=\"004af85\" data-element_type=\"widget\" data-widget_type=\"rs-service-grid.default\">\n\t\t\t\t<div class=\"elementor-widget-container\">\n\t\t\t\t\t\t\t<div class=\"rs-animation-yes rs-addon-services services-style4 service_shape_ box_shadow_serial_disable\">\r\n\t\t    <div class=\"services-part image-align-\">\r\n\t\t    \t\t\t\t    \t\t    \t\t\r\n\t\t    \t\r\n\t\t    \t\t\t\r\n\t\t    \t\t\t\t\t\t    \t\t\t<div class=\"services-icon elementor-animation-shrink image \">\r\n\r\n\t\t\t\t\t    \t\t\r\n\t\t\t\t\t    \t\t\r\n\t\t\t\t\t    \t\t\t\t\t\t\t    \t\t\t<img decoding=\"async\" class=\"main-img\" src=\"https:\/\/rstheme.com\/products\/wordpress\/evenio\/wp-content\/uploads\/2021\/09\/location-1-1.png\" alt=\"image\"\/>\r\n\t\t\t\t\t    \t\t\t\r\n\t\t\t\t\t    \t\t\t\t\t\t\t    \t\t\r\n\t\t\t\t    \t\t<\/div>\r\n\t\t\t    \t\t\r\n\r\n\t\t    \t\t\t    \t\t       \r\n\t\t\t    <div class=\"services-text\">\r\n\r\n\t\t\t    \t\r\n\t\t\t    \t\t\t    \t    \t\t\t    \t\t    \t<div class=\"services-title\">\t\t\t\t    \t\t\r\n\t\t    \t\t    \t\t\t\t    \t\t    \t\t\t<h3 class=\"title\"> Sede<\/h3>\r\n\t\t    \t\t    \t\t\t\t\t\t    \t\t\r\n\t\t    \t\t    \t<\/div>\r\n\t\t    \t    \t\t\t\t\t    \r\n\t\t\t    \t\t\t\t    \t\t<p class=\"services-txt\">  <strong>Centro Banamex, CDMX<\/strong><br>\nDirecci\u00f3n: Av. del Conscripto 311, Lomas de Sotelo, Hip\u00f3dromo de las Am\u00e9ricas, Miguel Hidalgo, 11610 Ciudad de M\u00e9xico, CDMX<\/p>\t\r\n\t\t\t    \t\t\r\n\r\n\r\n\r\n\t\t\t    \t\t    \t    \t\t\t    \t    \t\r\n\r\n\r\n\r\n\t\t\t    <\/div>\r\n\t\t\t<\/div>\r\n\t\t<\/div>\t\r\n\t\t\r\n\t\t\t\t\t<\/div>\n\t\t\t\t<\/div>\n\t\t\t\t<div class=\"elementor-element elementor-element-40388e7 elementor-absolute elementor-widget elementor-widget-image\" data-id=\"40388e7\" data-element_type=\"widget\" data-settings=\"{&quot;_position&quot;:&quot;absolute&quot;}\" data-widget_type=\"image.default\">\n\t\t\t\t\t\t\t\t\t\t\t\t\t\t\t<img decoding=\"async\" width=\"128\" height=\"128\" src=\"https:\/\/congresoresiduos.com\/2026\/wp-content\/uploads\/2021\/09\/location-1-1-1.png\" class=\"attachment-large size-large wp-image-22921\" alt=\"\" srcset=\"https:\/\/congresoresiduos.com\/2026\/wp-content\/uploads\/2021\/09\/location-1-1-1.png 128w, https:\/\/congresoresiduos.com\/2026\/wp-content\/uploads\/2021\/09\/location-1-1-1-100x100.png 100w\" sizes=\"(max-width: 128px) 100vw, 128px\" \/>\t\t\t\t\t\t\t\t\t\t\t\t\t\t\t<\/div>\n\t\t\t\t<div class=\"elementor-element elementor-element-f0848db elementor-absolute elementor-widget elementor-widget-image\" data-id=\"f0848db\" data-element_type=\"widget\" data-settings=\"{&quot;_position&quot;:&quot;absolute&quot;}\" data-widget_type=\"image.default\">\n\t\t\t\t\t\t\t\t\t\t\t\t\t\t\t<img decoding=\"async\" width=\"128\" height=\"128\" src=\"https:\/\/congresoresiduos.com\/2026\/wp-content\/uploads\/2021\/09\/chat-1-1.png\" class=\"attachment-large size-large wp-image-22922\" alt=\"\" srcset=\"https:\/\/congresoresiduos.com\/2026\/wp-content\/uploads\/2021\/09\/chat-1-1.png 128w, https:\/\/congresoresiduos.com\/2026\/wp-content\/uploads\/2021\/09\/chat-1-1-100x100.png 100w\" sizes=\"(max-width: 128px) 100vw, 128px\" \/>\t\t\t\t\t\t\t\t\t\t\t\t\t\t\t<\/div>\n\t\t\t\t<div class=\"elementor-element elementor-element-5afcd05 elementor-widget elementor-widget-rs-service-grid\" data-id=\"5afcd05\" data-element_type=\"widget\" data-widget_type=\"rs-service-grid.default\">\n\t\t\t\t<div class=\"elementor-widget-container\">\n\t\t\t\t\t\t\t<div class=\"rs-animation-yes rs-addon-services services-style4 service_shape_ box_shadow_serial_disable\">\r\n\t\t    <div class=\"services-part image-align-\">\r\n\t\t    \t\t\t\t    \t\t    \t\t\r\n\t\t    \t\r\n\t\t    \t\t\t\r\n\t\t    \t\t\t\t\t\t    \t\t\t<div class=\"services-icon elementor-animation-shrink image \">\r\n\r\n\t\t\t\t\t    \t\t\r\n\t\t\t\t\t    \t\t\r\n\t\t\t\t\t    \t\t\t\t\t\t\t    \t\t\t<img decoding=\"async\" class=\"main-img\" src=\"https:\/\/rstheme.com\/products\/wordpress\/evenio\/wp-content\/uploads\/2021\/09\/phone-call-1.png\" alt=\"image\"\/>\r\n\t\t\t\t\t    \t\t\t\r\n\t\t\t\t\t    \t\t\t\t\t\t\t    \t\t\r\n\t\t\t\t    \t\t<\/div>\r\n\t\t\t    \t\t\r\n\r\n\t\t    \t\t\t    \t\t       \r\n\t\t\t    <div class=\"services-text\">\r\n\r\n\t\t\t    \t\r\n\t\t\t    \t\t\t    \t    \t\t\t    \t\t    \t<div class=\"services-title\">\t\t\t\t    \t\t\r\n\t\t    \t\t    \t\t\t\t    \t\t    \t\t\t<h3 class=\"title\"> Atenci\u00f3n a clientes<\/h3>\r\n\t\t    \t\t    \t\t\t\t\t\t    \t\t\r\n\t\t    \t\t    \t<\/div>\r\n\t\t    \t    \t\t\t\t\t    \r\n\t\t\t    \t\t\r\n\r\n\r\n\r\n\t\t\t    \t\t    \t    \t\t\t\t    \t\t    \t<div class=\"services-btn-part\">\r\n\t\t    \t\t    \t\t\t    \t\t    \t\t\t<a class=\"services-btn icon-after\" href=\"\" >\r\n\r\n\t    \t\t    \t\t\t\t<span class=\"btn_text\">\r\n\t    \t\t    \t\t\t\t\tLunes a Viernes: 9:00 am - 6:00 pm    \t\t\t\t\t\t\r\n\t    \t\t    \t\t\t\t<\/span>\r\n\r\n\t    \t\t    \t\t\t\t\t    \t\t    \t\t\t\t\t\r\n\t    \t\t    \t\t\t\t\r\n\r\n\t    \t\t    \t\t\t<\/a>\r\n\t\t    \t\t    \t<\/div>\r\n\t\t    \t\t    \t\r\n\t\t    \t    \t\t    \t    \t\r\n\r\n\r\n\r\n\t\t\t    <\/div>\r\n\t\t\t<\/div>\r\n\t\t<\/div>\t\r\n\t\t\r\n\t\t\t\t\t<\/div>\n\t\t\t\t<\/div>\n\t\t\t\t<div class=\"elementor-element elementor-element-c44f9a4 elementor-absolute elementor-widget elementor-widget-image\" data-id=\"c44f9a4\" data-element_type=\"widget\" data-settings=\"{&quot;_position&quot;:&quot;absolute&quot;}\" data-widget_type=\"image.default\">\n\t\t\t\t\t\t\t\t\t\t\t\t\t\t\t<img decoding=\"async\" width=\"128\" height=\"128\" src=\"https:\/\/congresoresiduos.com\/2026\/wp-content\/uploads\/2021\/09\/phone-call-1-1.png\" class=\"attachment-large size-large wp-image-22923\" alt=\"\" srcset=\"https:\/\/congresoresiduos.com\/2026\/wp-content\/uploads\/2021\/09\/phone-call-1-1.png 128w, https:\/\/congresoresiduos.com\/2026\/wp-content\/uploads\/2021\/09\/phone-call-1-1-100x100.png 100w\" sizes=\"(max-width: 128px) 100vw, 128px\" \/>\t\t\t\t\t\t\t\t\t\t\t\t\t\t\t<\/div>\n\t\t\t\t\t<\/div>\n\t\t<\/div>\n\t\t\t\t\t<\/div>\n\t\t<\/section>\n\t\t\t\t\t<\/div>\n\t\t<\/div>\n\t\t\t\t\t<\/div>\n\t\t<\/section>\n\t\t\t\t<\/div>\n\t\t","protected":false},"excerpt":{"rendered":"<p>ContactoCont\u00e1ctanos \u00bfDudas? Env\u00edanos un mensaje Es de nuestro inter\u00e9s contestar tus dudas con gusto y te ayudaremos a darte la informaci\u00f3n lo m\u00e1s pronto posible: Sede Centro Banamex, CDMX Direcci\u00f3n: Av. del Conscripto 311, Lomas de Sotelo, Hip\u00f3dromo de las Am\u00e9ricas, Miguel Hidalgo, 11610 Ciudad de M\u00e9xico, CDMX Atenci\u00f3n a clientes Lunes a Viernes: 9:00&#8230;<\/p>\n","protected":false},"author":1,"featured_media":0,"parent":0,"menu_order":0,"comment_status":"closed","ping_status":"closed","template":"","meta":{"footnotes":""},"class_list":["post-28029","page","type-page","status-publish","hentry"],"yoast_head":"<!-- This site is optimized with the Yoast SEO plugin v26.5 - https:\/\/yoast.com\/wordpress\/plugins\/seo\/ -->\n<title>Congreso Internacional en Gesti\u00f3n de Residuos<\/title>\n<meta name=\"description\" content=\"La 4ta edici\u00f3n se llevar\u00e1 a cabo los d\u00edas 4 y 5 de marzo 2026 en CDMX. Energ\u00eda y residuos: de la gesti\u00f3n al aprovechamiento energ\u00e9tico.\" \/>\n<meta name=\"robots\" content=\"index, follow, max-snippet:-1, max-image-preview:large, max-video-preview:-1\" \/>\n<link rel=\"canonical\" href=\"https:\/\/congresoresiduos.com\/2026\/contacto\/\" \/>\n<meta property=\"og:locale\" content=\"es_MX\" \/>\n<meta property=\"og:type\" content=\"article\" \/>\n<meta property=\"og:title\" content=\"Congreso Internacional en Gesti\u00f3n de Residuos\" \/>\n<meta property=\"og:description\" content=\"La 4ta edici\u00f3n se llevar\u00e1 a cabo los d\u00edas 4 y 5 de marzo 2026 en CDMX. Energ\u00eda y residuos: de la gesti\u00f3n al aprovechamiento energ\u00e9tico.\" \/>\n<meta property=\"og:url\" content=\"https:\/\/congresoresiduos.com\/2026\/contacto\/\" \/>\n<meta property=\"og:site_name\" content=\"Congreso Internacional en Gesti\u00f3n de Residuos\" \/>\n<meta property=\"article:publisher\" content=\"https:\/\/www.facebook.com\/Congreso-Int-de-Gestin-de-Residuos-61571646576010\/\" \/>\n<meta property=\"article:modified_time\" content=\"2025-11-19T19:43:43+00:00\" \/>\n<meta property=\"og:image\" content=\"https:\/\/rstheme.com\/products\/wordpress\/evenio\/wp-content\/uploads\/2021\/09\/location-1-1.png\" \/>\n<meta name=\"twitter:card\" content=\"summary_large_image\" \/>\n<meta name=\"twitter:site\" content=\"@Congreresiduos\" \/>\n<script type=\"application\/ld+json\" class=\"yoast-schema-graph\">{\"@context\":\"https:\/\/schema.org\",\"@graph\":[{\"@type\":\"WebPage\",\"@id\":\"https:\/\/congresoresiduos.com\/2026\/contacto\/\",\"url\":\"https:\/\/congresoresiduos.com\/2026\/contacto\/\",\"name\":\"Congreso Internacional en Gesti\u00f3n de Residuos\",\"isPartOf\":{\"@id\":\"https:\/\/congresoresiduos.com\/2026\/#website\"},\"primaryImageOfPage\":{\"@id\":\"https:\/\/congresoresiduos.com\/2026\/contacto\/#primaryimage\"},\"image\":{\"@id\":\"https:\/\/congresoresiduos.com\/2026\/contacto\/#primaryimage\"},\"thumbnailUrl\":\"https:\/\/rstheme.com\/products\/wordpress\/evenio\/wp-content\/uploads\/2021\/09\/location-1-1.png\",\"datePublished\":\"2025-10-22T17:43:15+00:00\",\"dateModified\":\"2025-11-19T19:43:43+00:00\",\"description\":\"La 4ta edici\u00f3n se llevar\u00e1 a cabo los d\u00edas 4 y 5 de marzo 2026 en CDMX. Energ\u00eda y residuos: de la gesti\u00f3n al aprovechamiento energ\u00e9tico.\",\"breadcrumb\":{\"@id\":\"https:\/\/congresoresiduos.com\/2026\/contacto\/#breadcrumb\"},\"inLanguage\":\"es\",\"potentialAction\":[{\"@type\":\"ReadAction\",\"target\":[\"https:\/\/congresoresiduos.com\/2026\/contacto\/\"]}]},{\"@type\":\"ImageObject\",\"inLanguage\":\"es\",\"@id\":\"https:\/\/congresoresiduos.com\/2026\/contacto\/#primaryimage\",\"url\":\"https:\/\/rstheme.com\/products\/wordpress\/evenio\/wp-content\/uploads\/2021\/09\/location-1-1.png\",\"contentUrl\":\"https:\/\/rstheme.com\/products\/wordpress\/evenio\/wp-content\/uploads\/2021\/09\/location-1-1.png\"},{\"@type\":\"BreadcrumbList\",\"@id\":\"https:\/\/congresoresiduos.com\/2026\/contacto\/#breadcrumb\",\"itemListElement\":[{\"@type\":\"ListItem\",\"position\":1,\"name\":\"Inicio\",\"item\":\"https:\/\/congresoresiduos.com\/2026\/\"},{\"@type\":\"ListItem\",\"position\":2,\"name\":\"Contacto\"}]},{\"@type\":\"WebSite\",\"@id\":\"https:\/\/congresoresiduos.com\/2026\/#website\",\"url\":\"https:\/\/congresoresiduos.com\/2026\/\",\"name\":\"Congreso Internacional en Gesti\u00f3n de Residuos\",\"description\":\"\",\"publisher\":{\"@id\":\"https:\/\/congresoresiduos.com\/2026\/#organization\"},\"potentialAction\":[{\"@type\":\"SearchAction\",\"target\":{\"@type\":\"EntryPoint\",\"urlTemplate\":\"https:\/\/congresoresiduos.com\/2026\/?s={search_term_string}\"},\"query-input\":{\"@type\":\"PropertyValueSpecification\",\"valueRequired\":true,\"valueName\":\"search_term_string\"}}],\"inLanguage\":\"es\"},{\"@type\":\"Organization\",\"@id\":\"https:\/\/congresoresiduos.com\/2026\/#organization\",\"name\":\"Congreso Internacional en Gesti\u00f3n de Residuos\",\"url\":\"https:\/\/congresoresiduos.com\/2026\/\",\"logo\":{\"@type\":\"ImageObject\",\"inLanguage\":\"es\",\"@id\":\"https:\/\/congresoresiduos.com\/2026\/#\/schema\/logo\/image\/\",\"url\":\"https:\/\/congresoresiduos.com\/2026\/wp-content\/uploads\/2025\/10\/Logo_Congreso26-n.png\",\"contentUrl\":\"https:\/\/congresoresiduos.com\/2026\/wp-content\/uploads\/2025\/10\/Logo_Congreso26-n.png\",\"width\":742,\"height\":79,\"caption\":\"Congreso Internacional en Gesti\u00f3n de Residuos\"},\"image\":{\"@id\":\"https:\/\/congresoresiduos.com\/2026\/#\/schema\/logo\/image\/\"},\"sameAs\":[\"https:\/\/www.facebook.com\/Congreso-Int-de-Gestin-de-Residuos-61571646576010\/\",\"https:\/\/x.com\/Congreresiduos\",\"https:\/\/mx.linkedin.com\/in\/congreso-de-residuos-125068327\",\"https:\/\/www.instagram.com\/congresoderesiduos\/\"]}]}<\/script>\n<!-- \/ Yoast SEO plugin. -->","yoast_head_json":{"title":"Congreso Internacional en Gesti\u00f3n de Residuos","description":"La 4ta edici\u00f3n se llevar\u00e1 a cabo los d\u00edas 4 y 5 de marzo 2026 en CDMX. Energ\u00eda y residuos: de la gesti\u00f3n al aprovechamiento energ\u00e9tico.","robots":{"index":"index","follow":"follow","max-snippet":"max-snippet:-1","max-image-preview":"max-image-preview:large","max-video-preview":"max-video-preview:-1"},"canonical":"https:\/\/congresoresiduos.com\/2026\/contacto\/","og_locale":"es_MX","og_type":"article","og_title":"Congreso Internacional en Gesti\u00f3n de Residuos","og_description":"La 4ta edici\u00f3n se llevar\u00e1 a cabo los d\u00edas 4 y 5 de marzo 2026 en CDMX. Energ\u00eda y residuos: de la gesti\u00f3n al aprovechamiento energ\u00e9tico.","og_url":"https:\/\/congresoresiduos.com\/2026\/contacto\/","og_site_name":"Congreso Internacional en Gesti\u00f3n de Residuos","article_publisher":"https:\/\/www.facebook.com\/Congreso-Int-de-Gestin-de-Residuos-61571646576010\/","article_modified_time":"2025-11-19T19:43:43+00:00","og_image":[{"url":"https:\/\/rstheme.com\/products\/wordpress\/evenio\/wp-content\/uploads\/2021\/09\/location-1-1.png","type":"","width":"","height":""}],"twitter_card":"summary_large_image","twitter_site":"@Congreresiduos","schema":{"@context":"https:\/\/schema.org","@graph":[{"@type":"WebPage","@id":"https:\/\/congresoresiduos.com\/2026\/contacto\/","url":"https:\/\/congresoresiduos.com\/2026\/contacto\/","name":"Congreso Internacional en Gesti\u00f3n de Residuos","isPartOf":{"@id":"https:\/\/congresoresiduos.com\/2026\/#website"},"primaryImageOfPage":{"@id":"https:\/\/congresoresiduos.com\/2026\/contacto\/#primaryimage"},"image":{"@id":"https:\/\/congresoresiduos.com\/2026\/contacto\/#primaryimage"},"thumbnailUrl":"https:\/\/rstheme.com\/products\/wordpress\/evenio\/wp-content\/uploads\/2021\/09\/location-1-1.png","datePublished":"2025-10-22T17:43:15+00:00","dateModified":"2025-11-19T19:43:43+00:00","description":"La 4ta edici\u00f3n se llevar\u00e1 a cabo los d\u00edas 4 y 5 de marzo 2026 en CDMX. Energ\u00eda y residuos: de la gesti\u00f3n al aprovechamiento energ\u00e9tico.","breadcrumb":{"@id":"https:\/\/congresoresiduos.com\/2026\/contacto\/#breadcrumb"},"inLanguage":"es","potentialAction":[{"@type":"ReadAction","target":["https:\/\/congresoresiduos.com\/2026\/contacto\/"]}]},{"@type":"ImageObject","inLanguage":"es","@id":"https:\/\/congresoresiduos.com\/2026\/contacto\/#primaryimage","url":"https:\/\/rstheme.com\/products\/wordpress\/evenio\/wp-content\/uploads\/2021\/09\/location-1-1.png","contentUrl":"https:\/\/rstheme.com\/products\/wordpress\/evenio\/wp-content\/uploads\/2021\/09\/location-1-1.png"},{"@type":"BreadcrumbList","@id":"https:\/\/congresoresiduos.com\/2026\/contacto\/#breadcrumb","itemListElement":[{"@type":"ListItem","position":1,"name":"Inicio","item":"https:\/\/congresoresiduos.com\/2026\/"},{"@type":"ListItem","position":2,"name":"Contacto"}]},{"@type":"WebSite","@id":"https:\/\/congresoresiduos.com\/2026\/#website","url":"https:\/\/congresoresiduos.com\/2026\/","name":"Congreso Internacional en Gesti\u00f3n de Residuos","description":"","publisher":{"@id":"https:\/\/congresoresiduos.com\/2026\/#organization"},"potentialAction":[{"@type":"SearchAction","target":{"@type":"EntryPoint","urlTemplate":"https:\/\/congresoresiduos.com\/2026\/?s={search_term_string}"},"query-input":{"@type":"PropertyValueSpecification","valueRequired":true,"valueName":"search_term_string"}}],"inLanguage":"es"},{"@type":"Organization","@id":"https:\/\/congresoresiduos.com\/2026\/#organization","name":"Congreso Internacional en Gesti\u00f3n de Residuos","url":"https:\/\/congresoresiduos.com\/2026\/","logo":{"@type":"ImageObject","inLanguage":"es","@id":"https:\/\/congresoresiduos.com\/2026\/#\/schema\/logo\/image\/","url":"https:\/\/congresoresiduos.com\/2026\/wp-content\/uploads\/2025\/10\/Logo_Congreso26-n.png","contentUrl":"https:\/\/congresoresiduos.com\/2026\/wp-content\/uploads\/2025\/10\/Logo_Congreso26-n.png","width":742,"height":79,"caption":"Congreso Internacional en Gesti\u00f3n de Residuos"},"image":{"@id":"https:\/\/congresoresiduos.com\/2026\/#\/schema\/logo\/image\/"},"sameAs":["https:\/\/www.facebook.com\/Congreso-Int-de-Gestin-de-Residuos-61571646576010\/","https:\/\/x.com\/Congreresiduos","https:\/\/mx.linkedin.com\/in\/congreso-de-residuos-125068327","https:\/\/www.instagram.com\/congresoderesiduos\/"]}]}},"_links":{"self":[{"href":"https:\/\/congresoresiduos.com\/2026\/wp-json\/wp\/v2\/pages\/28029","targetHints":{"allow":["GET"]}}],"collection":[{"href":"https:\/\/congresoresiduos.com\/2026\/wp-json\/wp\/v2\/pages"}],"about":[{"href":"https:\/\/congresoresiduos.com\/2026\/wp-json\/wp\/v2\/types\/page"}],"author":[{"embeddable":true,"href":"https:\/\/congresoresiduos.com\/2026\/wp-json\/wp\/v2\/users\/1"}],"replies":[{"embeddable":true,"href":"https:\/\/congresoresiduos.com\/2026\/wp-json\/wp\/v2\/comments?post=28029"}],"version-history":[{"count":19,"href":"https:\/\/congresoresiduos.com\/2026\/wp-json\/wp\/v2\/pages\/28029\/revisions"}],"predecessor-version":[{"id":28486,"href":"https:\/\/congresoresiduos.com\/2026\/wp-json\/wp\/v2\/pages\/28029\/revisions\/28486"}],"wp:attachment":[{"href":"https:\/\/congresoresiduos.com\/2026\/wp-json\/wp\/v2\/media?parent=28029"}],"curies":[{"name":"wp","href":"https:\/\/api.w.org\/{rel}","templated":true}]}}